{"id":1731,"date":"2026-02-01T11:12:25","date_gmt":"2026-02-01T10:12:25","guid":{"rendered":"https:\/\/claria.cz\/?page_id=1731"},"modified":"2026-02-16T06:49:27","modified_gmt":"2026-02-16T05:49:27","slug":"dokumenty","status":"publish","type":"page","link":"https:\/\/claria.cz\/index.php\/dokumenty\/","title":{"rendered":"Dokumenty"},"content":{"rendered":"\t\t<div data-elementor-type=\"wp-page\" data-elementor-id=\"1731\" class=\"elementor elementor-1731\">\n\t\t\t\t\t\t<section class=\"elementor-section elementor-top-section elementor-element elementor-element-bf7f1a0 elementor-section-full_width elementor-section-height-min-height elementor-section-height-default elementor-section-items-middle\" data-id=\"bf7f1a0\" data-element_type=\"section\" data-e-type=\"section\" data-settings=\"{&quot;background_background&quot;:&quot;classic&quot;}\">\n\t\t\t\t\t\t\t<div class=\"elementor-background-overlay\"><\/div>\n\t\t\t\t\t\t\t<div class=\"elementor-container elementor-column-gap-default\">\n\t\t\t\t\t<div class=\"elementor-column elementor-col-100 elementor-top-column elementor-element elementor-element-7397ac6\" data-id=\"7397ac6\" data-element_type=\"column\" data-e-type=\"column\">\n\t\t\t<div class=\"elementor-widget-wrap elementor-element-populated\">\n\t\t\t\t\t\t<section class=\"elementor-section elementor-inner-section elementor-element elementor-element-28fe656 elementor-section-boxed elementor-section-height-default elementor-section-height-default\" data-id=\"28fe656\" data-element_type=\"section\" data-e-type=\"section\">\n\t\t\t\t\t\t<div class=\"elementor-container elementor-column-gap-wider\">\n\t\t\t\t\t<div class=\"elementor-column elementor-col-100 elementor-inner-column elementor-element elementor-element-13130eb elementor-invisible\" data-id=\"13130eb\" data-element_type=\"column\" data-e-type=\"column\" data-settings=\"{&quot;animation&quot;:&quot;fadeInRight&quot;}\">\n\t\t\t<div class=\"elementor-widget-wrap elementor-element-populated\">\n\t\t\t\t\t\t<div class=\"elementor-element elementor-element-fb916f9 elementor-widget elementor-widget-heading\" data-id=\"fb916f9\" data-element_type=\"widget\" data-e-type=\"widget\" data-widget_type=\"heading.default\">\n\t\t\t\t<div class=\"elementor-widget-container\">\n\t\t\t\t\t<h1 class=\"elementor-heading-title elementor-size-default\">dokumenty<\/h1>\t\t\t\t<\/div>\n\t\t\t\t<\/div>\n\t\t\t\t\t<\/div>\n\t\t<\/div>\n\t\t\t\t\t<\/div>\n\t\t<\/section>\n\t\t\t\t\t<\/div>\n\t\t<\/div>\n\t\t\t\t\t<\/div>\n\t\t<\/section>\n\t\t\t\t<section class=\"elementor-section elementor-top-section elementor-element elementor-element-59b58a6e elementor-section-boxed elementor-section-height-default elementor-section-height-default\" data-id=\"59b58a6e\" data-element_type=\"section\" data-e-type=\"section\">\n\t\t\t\t\t\t<div class=\"elementor-container elementor-column-gap-default\">\n\t\t\t\t\t<div class=\"elementor-column elementor-col-100 elementor-top-column elementor-element elementor-element-4d9c2797\" data-id=\"4d9c2797\" data-element_type=\"column\" data-e-type=\"column\">\n\t\t\t<div class=\"elementor-widget-wrap elementor-element-populated\">\n\t\t\t\t\t\t<div class=\"elementor-element elementor-element-e6b0aa8 elementor-widget elementor-widget-heading\" data-id=\"e6b0aa8\" data-element_type=\"widget\" data-e-type=\"widget\" data-widget_type=\"heading.default\">\n\t\t\t\t<div class=\"elementor-widget-container\">\n\t\t\t\t\t<h2 class=\"elementor-heading-title elementor-size-default\">Z\u00e1pisy sch\u016fz\u00ed<\/h2>\t\t\t\t<\/div>\n\t\t\t\t<\/div>\n\t\t\t\t<div class=\"elementor-element elementor-element-6cd39d77 elementor-widget elementor-widget-text-editor\" data-id=\"6cd39d77\" data-element_type=\"widget\" data-e-type=\"widget\" data-widget_type=\"text-editor.default\">\n\t\t\t\t<div class=\"elementor-widget-container\">\n\t\t\t\t\t\t\t\t\t<ul class=\"wp-block-list\">\n<li style=\"list-style-type: none;\">\n<ul class=\"wp-block-list\">\n<li><a href=\"https:\/\/claria.cz\/wp-content\/uploads\/2026\/02\/claria26.pdf\">Z\u00e1pis \u010dlensk\u00e9 sch\u016fze 13.2.2026<\/a><\/li>\n<li><a href=\"https:\/\/claria.cz\/wp-content\/uploads\/2025\/05\/zapis.docx\" data-type=\"attachment\" data-id=\"1672\">Z\u00e1pis \u010dlensk\u00e9 sch\u016fze &#8211; 25.5.2025<\/a><\/li>\n<li><a href=\"https:\/\/claria.cz\/wp-content\/uploads\/2026\/02\/zapisCLARIA.pdf\">Z\u00e1pis \u010dlensk\u00e9 sch\u016fze 1.5.2024<\/a>\u00a0<\/li>\n<\/ul>\n<\/li>\n<\/ul>\n<p><!-- \/wp:list-item --><\/p>\n<p><!-- \/wp:list --><\/p>\n<p><!-- wp:paragraph --><\/p>\n<p><!-- \/wp:paragraph --><\/p>\t\t\t\t\t\t\t\t<\/div>\n\t\t\t\t<\/div>\n\t\t\t\t<div class=\"elementor-element elementor-element-b5b8f55 elementor-widget elementor-widget-heading\" data-id=\"b5b8f55\" data-element_type=\"widget\" data-e-type=\"widget\" data-widget_type=\"heading.default\">\n\t\t\t\t<div class=\"elementor-widget-container\">\n\t\t\t\t\t<h2 class=\"elementor-heading-title elementor-size-default\">Ostatn\u00ed dokumenty<\/h2>\t\t\t\t<\/div>\n\t\t\t\t<\/div>\n\t\t\t\t<div class=\"elementor-element elementor-element-13bfdcb elementor-widget elementor-widget-text-editor\" data-id=\"13bfdcb\" data-element_type=\"widget\" data-e-type=\"widget\" data-widget_type=\"text-editor.default\">\n\t\t\t\t<div class=\"elementor-widget-container\">\n\t\t\t\t\t\t\t\t\t<p><!-- wp:heading --><\/p>\n<ul class=\"wp-block-list\">\n<li style=\"list-style-type: none;\">\n<ul class=\"wp-block-list\">\n<li><a href=\"https:\/\/claria.cz\/wp-content\/uploads\/2025\/05\/20240322094357-edit.pdf\" data-type=\"attachment\" data-id=\"1671\">Stanovy<\/a><\/li>\n<li><a href=\"https:\/\/claria.cz\/wp-content\/uploads\/2026\/02\/partnerska-spoluprace.pdf\">Partnersk\u00e1 spolupr\u00e1ce Ekvilibro &#8211; Claria<\/a><\/li>\n<\/ul>\n<\/li>\n<\/ul>\n<p><!-- \/wp:list-item --><\/p>\n<p><!-- \/wp:list --><\/p>\n<p><!-- wp:paragraph --><\/p>\n<p><!-- \/wp:paragraph --><\/p>\t\t\t\t\t\t\t\t<\/div>\n\t\t\t\t<\/div>\n\t\t\t\t\t<\/div>\n\t\t<\/div>\n\t\t\t\t\t<\/div>\n\t\t<\/section>\n\t\t\t\t<\/div>\n\t\t","protected":false},"excerpt":{"rendered":"<p>dokumenty Z\u00e1pisy sch\u016fz\u00ed Z\u00e1pis \u010dlensk\u00e9 sch\u016fze 13.2.2026 Z\u00e1pis \u010dlensk\u00e9 sch\u016fze &#8211; 25.5.2025 Z\u00e1pis \u010dlensk\u00e9 sch\u016fze 1.5.2024\u00a0 Ostatn\u00ed dokumenty Stanovy Partnersk\u00e1 spolupr\u00e1ce Ekvilibro &#8211; Claria<\/p>\n","protected":false},"author":1,"featured_media":0,"parent":0,"menu_order":0,"comment_status":"closed","ping_status":"closed","template":"elementor_header_footer","meta":{"neve_meta_sidebar":"","neve_meta_container":"","neve_meta_enable_content_width":"","neve_meta_content_width":0,"neve_meta_title_alignment":"","neve_meta_author_avatar":"","neve_post_elements_order":"","neve_meta_disable_header":"","neve_meta_disable_footer":"","neve_meta_disable_title":"","footnotes":""},"class_list":["post-1731","page","type-page","status-publish","hentry"],"_links":{"self":[{"href":"https:\/\/claria.cz\/index.php\/wp-json\/wp\/v2\/pages\/1731","targetHints":{"allow":["GET"]}}],"collection":[{"href":"https:\/\/claria.cz\/index.php\/wp-json\/wp\/v2\/pages"}],"about":[{"href":"https:\/\/claria.cz\/index.php\/wp-json\/wp\/v2\/types\/page"}],"author":[{"embeddable":true,"href":"https:\/\/claria.cz\/index.php\/wp-json\/wp\/v2\/users\/1"}],"replies":[{"embeddable":true,"href":"https:\/\/claria.cz\/index.php\/wp-json\/wp\/v2\/comments?post=1731"}],"version-history":[{"count":35,"href":"https:\/\/claria.cz\/index.php\/wp-json\/wp\/v2\/pages\/1731\/revisions"}],"predecessor-version":[{"id":1795,"href":"https:\/\/claria.cz\/index.php\/wp-json\/wp\/v2\/pages\/1731\/revisions\/1795"}],"wp:attachment":[{"href":"https:\/\/claria.cz\/index.php\/wp-json\/wp\/v2\/media?parent=1731"}],"curies":[{"name":"wp","href":"https:\/\/api.w.org\/{rel}","templated":true}]}}